t common factor of 52 and 4212?
52
What is the highest common divisor of 567 and 7?
7
What is the highest common divisor of 112 and 686?
14
What is the greatest common divisor of 507 and 10478?
169
What is the highest common divisor of 75 and 6?
3
What is the highest common factor of 129 and 9?
3
What is the highest common divisor of 1304 and 8?
8
Calculate the highest common factor of 1457 and 558.
31
Calculate the highest common divisor of 230 and 1265.
115
What is the highest common divisor of 4960 and 640?
160
What is the highest common divisor of 119 and 187?
17
Calculate the greatest common factor of 14 and 112.
14
Calculate the greatest common factor of 2208 and 3.
3
Calculate the greatest common factor of 145 and 1015.
145
What is the greatest common divisor of 27 and 468?
9
What is the highest common factor of 48 and 29208?
24
What is the greatest common factor of 576 and 64?
64
What is the greatest common factor of 160 and 220?
20
Calculate the highest common factor of 321 and 6527.
107
Calculate the highest common factor of 611 and 117.
13
What is the greatest common divisor of 3806 and 33?
11
Calculate the highest common factor of 12 and 9.
3
What is the greatest common factor of 1297 and 4?
1
Calculate the greatest common divisor of 22 and 66.
22
What is the highest common factor of 16 and 960?
16
What is the highest common divisor of 702 and 26?
26
Calculate the highest common divisor of 145 and 590.
5
What is the highest common divisor of 39 and 1105?
13
Calculate the highest common factor of 2296 and 98.
14
What is the highest common divisor of 1188 and 36?
36
What is the highest common factor of 684 and 36?
36
What is the highest common factor of 874 and 138?
46
Calculate the greatest common divisor of 228 and 2793.
57
What is the highest common divisor of 6100 and 180?
20
What is the greatest common factor of 150 and 8940?
30
What is the greatest common factor of 351 and 65?
13
What is the greatest common factor of 84 and 14469?
21
What is the highest common factor of 800 and 250?
50
Calculate the highest common factor of 16 and 1728.
16
What is the greatest common divisor of 848 and 272?
16
Calculate the highest common divisor of 3696 and 44.
44
Calculate the highest common divisor of 32 and 3568.
16
What is the highest common divisor of 70 and 3920?
70
What is the greatest common divisor of 20381 and 89?
89
What is the highest common factor of 90 and 54?
18
Calculate the greatest common divisor of 62 and 31.
31
Calculate the greatest common factor of 5056 and 1738.
158
What is the highest common divisor of 533 and 13?
13
What is the highest common factor of 15 and 42?
3
Calculate the greatest common factor of 216 and 16.
8
What is the greatest common divisor of 245 and 175?
35
What is the highest common factor of 6161 and 505?
101
What is the greatest common divisor of 1680 and 12?
12
What is the highest common factor of 2940 and 96?
12
What is the highest common factor of 325 and 1755?
65
Calculate the highest common factor of 1065 and 3.
3
What is the greatest common divisor of 14661 and 81?
81
Calculate the greatest common factor of 208 and 572.
52
Calculate the greatest common divisor of 17 and 2873.
17
What is the greatest common factor of 276 and 3450?
138
What is the highest common factor of 264 and 2442?
66
Calculate the highest common factor of 30 and 50.
10
What is the greatest common factor of 26 and 416?
26
What is the highest common factor of 23 and 2599?
23
What is the highest common divisor of 629 and 74?
37
Calculate the highest common factor of 85 and 85.
85
Calculate the highest common divisor of 22 and 338.
2
Calculate the greatest common divisor of 120 and 800.
40
What is the highest common divisor of 11234 and 548?
274
What is the greatest common factor of 473 and 528?
11
What is the highest common factor of 248 and 16?
8
Calculate the greatest common factor of 376 and 35438.
94
Calculate the greatest common factor of 24 and 129.
3
Calculate the greatest common factor of 1000 and 8.
8
What is the highest common divisor of 59 and 1357?
59
Calculate the greatest common factor of 323 and 19.
19
Calculate the highest common divisor of 1 and 2649.
1
Calculate the greatest common factor of 38 and 1178.
38
Calculate the highest common divisor of 144 and 80.
16
Calculate the highest common divisor of 1007 and 53.
53
What is the greatest common divisor of 459 and 17?
17
Calculate the greatest common factor of 365 and 657.
73
Calculate the greatest common divisor of 143 and 13.
13
Calculate the greatest common factor of 595 and 35.
35
What is the highest common factor of 128 and 96?
32
What is the highest common divisor of 126 and 10647?
63
What is the greatest common factor of 48 and 804?
12
What is the greatest common factor of 2145 and 825?
165
What is the highest common factor of 3 and 2?
1
What is the highest common divisor of 4 and 284?
4
Calculate the highest common divisor of 517 and 3901.
47
What is the greatest common divisor of 144 and 528?
48
Calculate the greatest common factor of 371 and 7.
7
What is the highest common divisor of 25 and 1?
1
Calculate the greatest common factor of 16 and 3856.
16
Calculate the highest common factor of 55 and 3355.
55
Calculate the greatest common divisor of 512 and 1072.
16
Calculate the greatest common divisor of 68 and 476.
68
What is the greatest common divisor of 310 and 1230?
10
What is the greatest common factor of 1512 and 2296?
56
Calculate the highest common factor of 777 and 111.
111
Calculate the greatest common factor of 13642 and 152.
38
Calculate the highest common factor of 1300 and 40.
20
Calculate the greatest common factor of 3 and 43.
1
What is the highest common factor of 282 and 3?
3
What is the highest common factor of 77 and 245?
7
Calculate the greatest common factor of 9 and 19125.
9
Calculate the highest common divisor of 15 and 39405.
15
What is the greatest common divisor of 27 and 117?
9
Calculate the greatest common factor of 174 and 464.
58
What is the greatest common factor of 120 and 390?
30
What is the highest common factor of 3266 and 1562?
142
Calculate the highest common divisor of 258 and 6.
6
What is the greatest common factor of 12 and 75?
3
What is the highest common divisor of 70 and 15715?
35
What is the greatest common factor of 6 and 48?
6
Calculate the highest common factor of 13 and 3523.
13
Calculate the highest common factor of 82 and 8.
2
What is the greatest common divisor of 54 and 28863?
27
What is the greatest common factor of 228 and 13794?
114
Calculate the highest common factor of 486 and 702.
54
What is the highest common factor of 55 and 297?
11
What is the greatest common factor of 11 and 2244?
11
Calculate the highest common divisor of 280 and 240.
40
What is the highest common divisor of 334 and 4175?
167
What is the greatest common factor of 5424 and 3729?
339
What is the highest common factor of 35 and 590?
5
What is the highest common factor of 45 and 576?
9
Calculate the greatest common factor of 27 and 243.
27
Calculate the greatest common factor of 124 and 16.
4
What is the highest common factor of 38 and 152?
38
Calculate the highest common factor of 2249 and 13.
13
What is the greatest common divisor of 998 and 18?
2
What is the greatest common factor of 127 and 14732?
127
Calculate the highest common factor of 80 and 180.
20
What is the greatest common factor of 2745 and 45?
45
What is the highest common factor of 4 and 148?
4
What is the highest common factor of 48 and 15?
3
Calculate the highest common factor of 21 and 504.
21
What is the highest common divisor of 8052 and 1188?
132
What is the highest common factor of 11913 and 114?
57
Calculate the highest common factor of 3749 and 230.
23
Calculate the greatest common divisor of 131170 and 130.
130
What is the greatest common factor of 703 and 111?
37
What is the greatest common factor of 178 and 623?
89
Calculate the highest common factor of 27720 and 55.
55
What is the greatest common divisor of 33 and 66?
33
What is the greatest common factor of 8525 and 4400?
275
What is the greatest common factor of 825 and 60?
15
What is the greatest common factor of 5 and 9?
1
What is the greatest common divisor of 6 and 267?
3
What is the greate